 be (92/(-22) + (-30)/(-165))*-2. Calculate the highest common factor of u and j.
8
Let g(u) = -92*u + 4328. Let z be g(30). Calculate the greatest common divisor of z and 98.
98
Suppose 7*b = -14*b + 7*b. Let m be (0 - -47)*1/(b - -1). What is the greatest common factor of m and 188?
47
Let g = -3293 + 15686. Calculate the greatest common factor of g and 34.
17
Let y = -388 + 929. Let g = y - 387. Calculate the highest common factor of g and 33.
11
Suppose 0*y - 4*y = -3*u + 8, 0 = 4*u + 3*y - 44. Suppose -u*q - 20 = -212. Calculate the greatest common factor of 12 and q.
12
Let j be (-6)/(-3)*53 - ((-12)/12 - 5). What is the highest common factor of 1372 and j?
28
Let m = 206 + 10. Suppose 149*p - 147*p = -3*c + 424, c = p + 148. What is the greatest common divisor of m and c?
72
Let j be (-10)/12 - (12 - 464695/66). Calculate the greatest common divisor of j and 56.
28
Let o = 154 + -143. Let l be o*5*-2*6/(-12). What is the greatest common divisor of l and 10?
5
Let c be ((-56)/(-10) + -6)/((-1)/2000). What is the greatest common factor of c and 175?
25
Suppose 5*l = 5*c - 80, -3*l - 6 = -2*c + 40. Let y(m) = m**2 - 8*m - 295. Let q be y(l). What is the highest common factor of 1053 and q?
13
Let d be (-1 + 154/10)*(-4320)/(-648). Calculate the highest common divisor of 243 and d.
3
Suppose 0 = 4*x - 4*k - 256, -10 = -12*k + 7*k. What is the greatest common factor of x and 1419?
33
Suppose -14*s + 13 + 2 = s. Calculate the highest common divisor of s and 19.
1
Let u(x) = 67*x**2 - 30*x - 68. Let y be u(-2). Calculate the highest common factor of y and 460.
20
Let v be 2580/30 + -1 + 11. Let z(k) = -6*k**3 - 4*k**2 - 3*k - 2. Let b be z(-2). Suppose -2*n = n - b. Calculate the highest common factor of n and v.
12
Let u be (4 - 0)/(-4) - -2. Let z be ((-12)/(-20))/(u/5). Suppose z*r - 50 = -m + 2*m, r = 4*m + 24. What is the greatest common factor of r and 24?
8
Let d = 7 + 23. Suppose -5*h + 19 = 4*z, -5*h + 13 = -2*z - d. Let s(w) = -2*w - 1. Let t be s(-4). What is the highest common divisor of t and h?
7
Let z be (-2)/(-4) - 276/(-8). Let j(f) = -f**3 - 5*f**2 - f - 7. Let i be j(-5). Let m be 3 + 277 + 0/i. What is the greatest common divisor of m and z?
35
Let v(o) = o**3 + 17*o**2 + 3*o - 13. Let q be v(-7). Let m(a) = 21*a**2 + 336*a + 24. Let t be m(-16). Calculate the greatest common factor of q and t.
24
Let n be -3 - 87*(4 + -5). Suppose -n = 90*g - 94*g. What is the greatest common divisor of 112 and g?
7
Suppose 0 = -4*z + 121*z - 39897. Calculate the highest common factor of z and 132.
11
Suppose 56*f + 14 = 49*f. Let d be f*(14/(-119) - (-3126)/(-17)). Calculate the greatest common divisor of d and 23.
23
Let i = -70 - -34. Let c = -31 - i. Suppose c*q - 3*q + 3*z = 160, -2*z = 0. What is the greatest common divisor of q and 16?
16
Suppose 10 = -10*l + 40. Let o be (-29 - l)*50/(-4). Calculate the greatest common divisor of o and 40.
40
Let x = -10007 + 14307. What is the highest common divisor of 50 and x?
50
Suppose 3*m = -2*h - 14, -h + m - 29 = -3*m. Let g(v) = v**3 + 15*v**2 + 23*v - 10. Let i be g(h). What is the highest common factor of 116 and i?
29
Let o(r) = -r**3 + 9*r**2 - 45*r + 266. Let d be o(7). Calculate the highest common factor of d and 11711.
49
Let m = 11 + 24. Let v be -2 - (-1450)/m - 8/(-14). Let x be -52*(-5)/v + (-2)/(-4). Calculate the highest common factor of x and 56.
7
Suppose 2*a = 3*z + 60, 63*a - 2*z - 128 = 59*a. Calculate the greatest common divisor of 15257 and a.
11
Let a be -4 - -1 - (-944)/(-8). Let l = 122 + a. Let j = 16 + l. What is the highest common divisor of j and 187?
17
Let a = 25371 - 23226. What is the highest common divisor of a and 572?
143
Suppose 57 + 268 = k - q, 0 = 3*k + 2*q - 950. Let d = 123 - 111. Suppose -d*f + 326 + 154 = 0. What is the greatest common divisor of f and k?
40
Let x be (21/6 + -4)*18 - -217. What is the greatest common divisor of x and 3016?
104
Let r = -91 + 100. Suppose 22*t = r*t - 507. Let v = t + 340. Calculate the highest common factor of 43 and v.
43
Suppose 0 = -3*n - p + 11, -31*n + 35*n - 16 = -p. Let y be 4 + (10 - -743) - (n + -2). Calculate the highest common divisor of y and 58.
58
Let f(d) = d**2 - 11*d + 14. Let a be (-128)/(-9) + 60/(-270). Let k be f(a). Let l be -14*(2 - 15/6). Calculate the greatest common divisor of l and k.
7
Suppose -293*n + 23337 = -7135. Calculate the greatest common divisor of 488 and n.
8
Let y(t) = 3*t - 10. Let q be y(4). Let h(g) = 4*g + 10. Let z be h(q). Suppose 4*f = -2 + z, 3*c - f = 17. Calculate the highest common factor of 14 and c.
7
Let p = -866 + 868. What is the highest common factor of 152 and p?
2
Let a = -170 - -212. Suppose 3*u + r - a = 0, -19*r - 53 = -5*u - 15*r. Calculate the greatest common divisor of u and 247.
13
Let c(k) = 19*k - 660. Let a be c(35). Let n = -10 - -10. Suppose n*u - 30 = -2*u. Calculate the highest common factor of u and a.
5
Suppose 2*a - 11 = 29. Suppose -a = -2*y + 8. Let s(r) = r**2 - 6*r - 2. Let z be s(8). What is the highest common factor of z and y?
14
Let b(s) be the first derivative of 5*s**2 - 15*s - 17. Let i be b(15). Calculate the highest common factor of 5 and i.
5
Let x(h) = -3*h - 67. Let p be x(-24). Suppose 0 = -4*r + q + 286, 4*q + 2 = p*q. Calculate the greatest common factor of 180 and r.
36
Suppose -3*z + 7*z - 40 = 0. Let y = 3938 + -3937. Calculate the highest common divisor of y and z.
1
Let j = -57 + 255. Let b = j - 177. What is the greatest common factor of 399 and b?
21
Let r = 67 + -29. Let k(s) = 66*s - 659. Let l be k(12). Calculate the greatest common factor of l and r.
19
Let f = -7318 + 7410. What is the highest common divisor of 7084 and f?
92
Let x(m) = 2053*m - 12317. Let v be x(6). Calculate the highest common divisor of v and 202.
1
Suppose 8119 + 42281 = 40*b. What is the highest common divisor of 450 and b?
90
Suppose 4*z - 40 = 4*m, -6*m + 2*m = z - 5. Let n = 190 - 172. Calculate the greatest common divisor of n and z.
9
Let t = -114 + 114. Suppose t = -19*h + 1650 + 5456. What is the highest common divisor of h and 22?
22
Let f be (-3)/(-8) + (-26)/(-16). Suppose -2*p = f*p. Let k be (-3 + p)/((-9)/99). Calculate the highest common divisor of k and 6.
3
Let v(k) = 147 - 32 - 12*k + k**3 - 36 - 33 - 38 + 12*k**2. Let p be 88/(-4)*(-2)/(-4). Let d be v(p). What is the greatest common factor of 29 and d?
29
Let n(q) = 10*q**2 - 4*q + 2. Let a be n(3). Let s = a + -75. Suppose 4*z + z - 95 = -s*t, -4*t = -4*z + 52. Calculate the highest common divisor of z and 2.
2
Suppose -5*s + 3*j = -510, -4*s = -3*j - 369 - 36. Suppose 0 = 5*w - 2*w - 48. Suppose -5*z - w = -121. What is the highest common factor of s and z?
21
Suppose 121*b - 55*b = 6270. What is the greatest common factor of b and 36385?
95
Let s = -11698 - -11779. Suppose -5*u - 4*a = -830, -a + 406 = 2*u + 77. Calculate the highest common factor of s and u.
81
Let x(w) = 3050*w**2 - 3*w - 1. Let o be x(-1). Suppose 2*r - 1029 = 5*t - o, 0 = 4*t - 4*r - 1616. What is the highest common factor of 15 and t?
15
Suppose f + q = -q - 44, f - 5*q = -37. Let d = -2 - f. Let s be (-60)/d*(-224)/6. What is the highest common divisor of s and 14?
14
Let y = 476 - 318. Suppose a + 4*d + 134 = 3*a, -4*d + y = 2*a. Let s = a - 60. Calculate the highest common divisor of 143 and s.
13
Let r be ((-1206)/(-2211))/(((-1)/(-4))/((-66)/(-8))). What is the greatest common divisor of r and 873?
9
Let g be (70/3)/10 - (-5)/3. Let t be ((-42)/(-4))/((-1)/g*-2). What is the highest common divisor of t and 14?
7
Suppose -22608 = -191*g + 12536. Calculate the greatest common divisor of g and 40.
8
Suppose -3*u + 595 = -u + k, u + k = 299. Let r = u - 266. Suppose 0 = -d - 2*x + 65, 5*d - 2*d - 235 = 2*x. Calculate the highest common divisor of r and d.
15
Let p = -3017 + 3554. Calculate the greatest common divisor of 30 and p.
3
Suppose 10*q - 1211 - 6069 = 0. Let h = 746 - q. What is the greatest common divisor of h and 42?
6
Let k(n) = 55*n**3 - n**2 + n + 5. Let m be k(-2). Let f = -377 - m. What is the highest common divisor of 112 and f?
16
Let c = 10236 - 10234. Calculate the greatest common factor of 2138 and c.
2
Let t = -61 + 93. Let v(l) = l**2 - 29*l - 6. Let p be v(t). What i